{"id":188,"date":"2023-12-17T11:33:45","date_gmt":"2023-12-17T10:33:45","guid":{"rendered":"https:\/\/carole-boucher-avocat.fr\/?page_id=188"},"modified":"2026-02-17T14:57:51","modified_gmt":"2026-02-17T13:57:51","slug":"footer","status":"publish","type":"page","link":"https:\/\/carole-boucher-avocat.fr\/?page_id=188","title":{"rendered":"Contact"},"content":{"rendered":"\n<div class=\"wp-block-group has-white-color has-primary-background-color has-text-color has-background has-small-font-size has-global-padding is-layout-constrained wp-container-core-group-layout-4 wp-block-group-is-layout-constrained\" style=\"padding-top:60px;padding-right:20px;padding-bottom:60px;padding-left:20px\">\n<div class=\"wp-block-group alignwide has-background-color has-text-color has-link-color wp-elements-653f9a50a25662bf9ec634ce236ee617 is-layout-flow wp-block-group-is-layout-flow\" style=\"margin-top:0px;margin-bottom:0px\">\n<div class=\"wp-block-columns is-layout-flex wp-container-core-columns-layout-2 wp-block-columns-is-layout-flex\">\n<div class=\"wp-block-column is-layout-flow wp-block-column-is-layout-flow\">\n<h2 class=\"wp-block-heading has-text-align-center has-text-color has-link-color has-outfit-font-family has-big-font-size wp-elements-dae2836e82e6929d142b28701f2729bf\" style=\"color:#c5994f\">Contact <\/h2>\n\n\n\n<p class=\"has-text-align-left has-small-font-size\">Ma\u00eetre Carole BOUCHER vous accueille 65 avenue de l&#8217;Europe, les portes du lac, b\u00e2timent A &#8211; 41000 BLOIS.<\/p>\n\n\n\n<div class=\"wp-block-group is-nowrap is-layout-flex wp-container-core-group-layout-1 wp-block-group-is-layout-flex\">\n<figure class=\"wp-block-image size-full\"><img decoding=\"async\" src=\"https:\/\/carole-boucher-avocat.fr\/wp-content\/themes\/history-museum\/images\/telephone.png\" alt=\"\" class=\"wp-image-1993\"\/><\/figure>\n\n\n\n<p>02 54 90 60 33<\/p>\n<\/div>\n\n\n\n<div class=\"wp-block-group is-nowrap is-layout-flex wp-container-core-group-layout-2 wp-block-group-is-layout-flex\">\n<figure class=\"wp-block-image size-full is-resized\"><img decoding=\"async\" src=\"https:\/\/carole-boucher-avocat.fr\/wp-content\/themes\/history-museum\/images\/envelope.png\" alt=\"\" class=\"wp-image-1990\" style=\"width:22px;height:auto\"\/><\/figure>\n\n\n\n<p><a href=\"mailto:example@example.com\">contact@carole-boucher-avocat.fr<\/a><\/p>\n<\/div>\n\n\n\n<hr class=\"wp-block-separator aligncenter has-alpha-channel-opacity\"\/>\n\n\n\n<div class=\"wp-block-columns is-layout-flex wp-container-core-columns-layout-1 wp-block-columns-is-layout-flex\">\n<div class=\"wp-block-column is-layout-flow wp-block-column-is-layout-flow\" style=\"flex-basis:33.33%\">\n<p class=\"has-text-align-center\">Lundi<\/p>\n\n\n\n<p class=\"has-text-align-center\">Mardi<\/p>\n\n\n\n<p class=\"has-text-align-center\">Mercredi<\/p>\n\n\n\n<p class=\"has-text-align-center\">Jeudi<\/p>\n\n\n\n<p class=\"has-text-align-center\">Vendredi<\/p>\n<\/div>\n\n\n\n<div class=\"wp-block-column is-layout-flow wp-block-column-is-layout-flow\" style=\"flex-basis:66.66%\">\n<p>9h00 &#8211; 12h00 \/ 14h00 &#8211; 18h00<\/p>\n\n\n\n<p>9h00 &#8211; 12h00 \/ 14h00 &#8211; 18h00<\/p>\n\n\n\n<p>9h00 &#8211; 12h00 \/ 14h00 &#8211; 18h00<\/p>\n\n\n\n<p>9h00 &#8211; 12h00 \/ 14h00 &#8211; 18h00<\/p>\n\n\n\n<p>9h00 &#8211; 12h00 \/ 14h00 &#8211; 18h00<\/p>\n<\/div>\n<\/div>\n<\/div>\n\n\n\n<div class=\"wp-block-column has-global-padding is-content-justification-left is-layout-constrained wp-container-core-column-layout-4 wp-block-column-is-layout-constrained\" style=\"padding-top:0;padding-right:var(--wp--preset--spacing--20);padding-bottom:0;padding-left:var(--wp--preset--spacing--20)\">\n<h5 class=\"wp-block-heading has-white-color has-text-color\" style=\"font-style:normal;font-weight:600;letter-spacing:1px\">Plan d&#8217;acc\u00e8s :<\/h5>\n\n\n\n<iframe src=\"https:\/\/www.google.com\/maps\/embed?pb=!1m18!1m12!1m3!1d2690.8533635063714!2d1.2972413763920623!3d47.5900941711883!2m3!1f0!2f0!3f0!3m2!1i1024!2i768!4f13.1!3m3!1m2!1s0x47e3578e130722c7%3A0xc643bd54458c2cf8!2sbatiment%20A!5e0!3m2!1sen!2sfr!4v1702817569141!5m2!1sen!2sfr\" width=\"500\" height=\"450\" style=\"border:0;\" allowfullscreen=\"\" loading=\"lazy\" referrerpolicy=\"no-referrer-when-downgrade\"><\/iframe>\n\n\n\n<hr class=\"wp-block-separator has-text-color has-primary-color has-alpha-channel-opacity has-primary-background-color has-background is-style-wide\" style=\"margin-top:10px\"\/>\n<\/div>\n<\/div>\n<\/div>\n<\/div>\n\n\n\n<div class=\"wp-block-group has-white-color has-primary-background-color has-text-color has-background has-global-padding is-layout-constrained wp-container-core-group-layout-7 wp-block-group-is-layout-constrained\" style=\"padding-top:20px;padding-right:20px;padding-bottom:20px;padding-left:20px\">\n<div class=\"wp-block-group alignwide is-layout-flow wp-block-group-is-layout-flow\">\n<div class=\"wp-block-group copyright-text is-content-justification-space-between is-nowrap is-layout-flex wp-container-core-group-layout-5 wp-block-group-is-layout-flex\">\n<p class=\"has-background-color has-text-color has-link-color wp-elements-c51213aa88beb96a7420f0b65588b218\"><a rel=\"noreferrer noopener\" href=\"https:\/\/www.ovationthemes.com\/wordpress\/free-museum-wordpress-theme\/\" target=\"_blank\">History Museum WordPress Theme<\/a>.<\/p>\n\n\n\n<p class=\"has-background-color has-text-color has-link-color wp-elements-61b1c051b516a97f797bf4f0b14ea0bb\">Proudly powered by <a rel=\"noreferrer noopener\" href=\"https:\/\/www.ovationthemes.com\/\" target=\"_blank\">Ovation Themes<\/a> and <a href=\"https:\/\/wordpress.org\">WordPress<\/a>.<\/p>\n<\/div>\n<\/div>\n<\/div>\n","protected":false},"excerpt":{"rendered":"<p>Contact Ma\u00eetre Carole BOUCHER vous accueille 65 avenue de l&#8217;Europe, les portes du lac, b\u00e2timent A &#8211; 41000 BLOIS. 02 54 90 60 33 contact@carole-boucher-avocat.fr Lundi Mardi Mercredi Jeudi Vendredi 9h00 &#8211; 12h00 \/ 14h00 &#8211; 18h00 9h00 &#8211; 12h00 \/ 14h00 &#8211; 18h00 9h00 &#8211; 12h00 \/ 14h00 &#8211; 18h00 9h00 &#8211; 12h00 \/ [&hellip;]<\/p>\n","protected":false},"author":1,"featured_media":0,"parent":0,"menu_order":0,"comment_status":"closed","ping_status":"closed","template":"","meta":{"footnotes":""},"yoast_head":"<!-- This site is optimized with the Yoast SEO plugin v22.0 - https:\/\/yoast.com\/wordpress\/plugins\/seo\/ -->\n<title>Contact - Ma\u00eetre Carole BOUCHER<\/title>\n<meta name=\"robots\" content=\"index, follow, max-snippet:-1, max-image-preview:large, max-video-preview:-1\" \/>\n<link rel=\"canonical\" href=\"https:\/\/carole-boucher-avocat.fr\/?page_id=188\" \/>\n<meta property=\"og:locale\" content=\"en_US\" \/>\n<meta property=\"og:type\" content=\"article\" \/>\n<meta property=\"og:title\" content=\"Contact - Ma\u00eetre Carole BOUCHER\" \/>\n<meta property=\"og:description\" content=\"Contact Ma\u00eetre Carole BOUCHER vous accueille 65 avenue de l&#8217;Europe, les portes du lac, b\u00e2timent A &#8211; 41000 BLOIS. 02 54 90 60 33 contact@carole-boucher-avocat.fr Lundi Mardi Mercredi Jeudi Vendredi 9h00 &#8211; 12h00 \/ 14h00 &#8211; 18h00 9h00 &#8211; 12h00 \/ 14h00 &#8211; 18h00 9h00 &#8211; 12h00 \/ 14h00 &#8211; 18h00 9h00 &#8211; 12h00 \/ [&hellip;]\" \/>\n<meta property=\"og:url\" content=\"https:\/\/carole-boucher-avocat.fr\/?page_id=188\" \/>\n<meta property=\"og:site_name\" content=\"Ma\u00eetre Carole BOUCHER\" \/>\n<meta property=\"article:modified_time\" content=\"2026-02-17T13:57:51+00:00\" \/>\n<meta property=\"og:image\" content=\"https:\/\/carole-boucher-avocat.fr\/wp-content\/themes\/history-museum\/images\/telephone.png\" \/>\n<meta name=\"twitter:card\" content=\"summary_large_image\" \/>\n<meta name=\"twitter:label1\" content=\"Est. reading time\" \/>\n\t<meta name=\"twitter:data1\" content=\"1 minute\" \/>\n<script type=\"application\/ld+json\" class=\"yoast-schema-graph\">{\"@context\":\"https:\/\/schema.org\",\"@graph\":[{\"@type\":\"WebPage\",\"@id\":\"https:\/\/carole-boucher-avocat.fr\/?page_id=188\",\"url\":\"https:\/\/carole-boucher-avocat.fr\/?page_id=188\",\"name\":\"Contact - Ma\u00eetre Carole BOUCHER\",\"isPartOf\":{\"@id\":\"https:\/\/carole-boucher-avocat.fr\/#website\"},\"datePublished\":\"2023-12-17T10:33:45+00:00\",\"dateModified\":\"2026-02-17T13:57:51+00:00\",\"breadcrumb\":{\"@id\":\"https:\/\/carole-boucher-avocat.fr\/?page_id=188#breadcrumb\"},\"inLanguage\":\"en-US\",\"potentialAction\":[{\"@type\":\"ReadAction\",\"target\":[\"https:\/\/carole-boucher-avocat.fr\/?page_id=188\"]}]},{\"@type\":\"BreadcrumbList\",\"@id\":\"https:\/\/carole-boucher-avocat.fr\/?page_id=188#breadcrumb\",\"itemListElement\":[{\"@type\":\"ListItem\",\"position\":1,\"name\":\"Accueil\",\"item\":\"https:\/\/carole-boucher-avocat.fr\/\"},{\"@type\":\"ListItem\",\"position\":2,\"name\":\"Contact\"}]},{\"@type\":\"WebSite\",\"@id\":\"https:\/\/carole-boucher-avocat.fr\/#website\",\"url\":\"https:\/\/carole-boucher-avocat.fr\/\",\"name\":\"Ma\u00eetre Carole BOUCHER\",\"description\":\"\",\"publisher\":{\"@id\":\"https:\/\/carole-boucher-avocat.fr\/#\/schema\/person\/f13cebb8df70afa6d45888aac29c34c1\"},\"potentialAction\":[{\"@type\":\"SearchAction\",\"target\":{\"@type\":\"EntryPoint\",\"urlTemplate\":\"https:\/\/carole-boucher-avocat.fr\/?s={search_term_string}\"},\"query-input\":\"required name=search_term_string\"}],\"inLanguage\":\"en-US\"},{\"@type\":[\"Person\",\"Organization\"],\"@id\":\"https:\/\/carole-boucher-avocat.fr\/#\/schema\/person\/f13cebb8df70afa6d45888aac29c34c1\",\"name\":\"carole-boucher-avocat.fr\",\"image\":{\"@type\":\"ImageObject\",\"inLanguage\":\"en-US\",\"@id\":\"https:\/\/carole-boucher-avocat.fr\/#\/schema\/person\/image\/\",\"url\":\"https:\/\/carole-boucher-avocat.fr\/wp-content\/uploads\/2023\/12\/cropped-1-selectionne-1.png\",\"contentUrl\":\"https:\/\/carole-boucher-avocat.fr\/wp-content\/uploads\/2023\/12\/cropped-1-selectionne-1.png\",\"width\":240,\"height\":240,\"caption\":\"carole-boucher-avocat.fr\"},\"logo\":{\"@id\":\"https:\/\/carole-boucher-avocat.fr\/#\/schema\/person\/image\/\"},\"sameAs\":[\"http:\/\/carole-boucher-avocat.fr\"]}]}<\/script>\n<!-- \/ Yoast SEO plugin. -->","yoast_head_json":{"title":"Contact - Ma\u00eetre Carole BOUCHER","robots":{"index":"index","follow":"follow","max-snippet":"max-snippet:-1","max-image-preview":"max-image-preview:large","max-video-preview":"max-video-preview:-1"},"canonical":"https:\/\/carole-boucher-avocat.fr\/?page_id=188","og_locale":"en_US","og_type":"article","og_title":"Contact - Ma\u00eetre Carole BOUCHER","og_description":"Contact Ma\u00eetre Carole BOUCHER vous accueille 65 avenue de l&#8217;Europe, les portes du lac, b\u00e2timent A &#8211; 41000 BLOIS. 02 54 90 60 33 contact@carole-boucher-avocat.fr Lundi Mardi Mercredi Jeudi Vendredi 9h00 &#8211; 12h00 \/ 14h00 &#8211; 18h00 9h00 &#8211; 12h00 \/ 14h00 &#8211; 18h00 9h00 &#8211; 12h00 \/ 14h00 &#8211; 18h00 9h00 &#8211; 12h00 \/ [&hellip;]","og_url":"https:\/\/carole-boucher-avocat.fr\/?page_id=188","og_site_name":"Ma\u00eetre Carole BOUCHER","article_modified_time":"2026-02-17T13:57:51+00:00","og_image":[{"url":"https:\/\/carole-boucher-avocat.fr\/wp-content\/themes\/history-museum\/images\/telephone.png"}],"twitter_card":"summary_large_image","twitter_misc":{"Est. reading time":"1 minute"},"schema":{"@context":"https:\/\/schema.org","@graph":[{"@type":"WebPage","@id":"https:\/\/carole-boucher-avocat.fr\/?page_id=188","url":"https:\/\/carole-boucher-avocat.fr\/?page_id=188","name":"Contact - Ma\u00eetre Carole BOUCHER","isPartOf":{"@id":"https:\/\/carole-boucher-avocat.fr\/#website"},"datePublished":"2023-12-17T10:33:45+00:00","dateModified":"2026-02-17T13:57:51+00:00","breadcrumb":{"@id":"https:\/\/carole-boucher-avocat.fr\/?page_id=188#breadcrumb"},"inLanguage":"en-US","potentialAction":[{"@type":"ReadAction","target":["https:\/\/carole-boucher-avocat.fr\/?page_id=188"]}]},{"@type":"BreadcrumbList","@id":"https:\/\/carole-boucher-avocat.fr\/?page_id=188#breadcrumb","itemListElement":[{"@type":"ListItem","position":1,"name":"Accueil","item":"https:\/\/carole-boucher-avocat.fr\/"},{"@type":"ListItem","position":2,"name":"Contact"}]},{"@type":"WebSite","@id":"https:\/\/carole-boucher-avocat.fr\/#website","url":"https:\/\/carole-boucher-avocat.fr\/","name":"Ma\u00eetre Carole BOUCHER","description":"","publisher":{"@id":"https:\/\/carole-boucher-avocat.fr\/#\/schema\/person\/f13cebb8df70afa6d45888aac29c34c1"},"potentialAction":[{"@type":"SearchAction","target":{"@type":"EntryPoint","urlTemplate":"https:\/\/carole-boucher-avocat.fr\/?s={search_term_string}"},"query-input":"required name=search_term_string"}],"inLanguage":"en-US"},{"@type":["Person","Organization"],"@id":"https:\/\/carole-boucher-avocat.fr\/#\/schema\/person\/f13cebb8df70afa6d45888aac29c34c1","name":"carole-boucher-avocat.fr","image":{"@type":"ImageObject","inLanguage":"en-US","@id":"https:\/\/carole-boucher-avocat.fr\/#\/schema\/person\/image\/","url":"https:\/\/carole-boucher-avocat.fr\/wp-content\/uploads\/2023\/12\/cropped-1-selectionne-1.png","contentUrl":"https:\/\/carole-boucher-avocat.fr\/wp-content\/uploads\/2023\/12\/cropped-1-selectionne-1.png","width":240,"height":240,"caption":"carole-boucher-avocat.fr"},"logo":{"@id":"https:\/\/carole-boucher-avocat.fr\/#\/schema\/person\/image\/"},"sameAs":["http:\/\/carole-boucher-avocat.fr"]}]}},"_links":{"self":[{"href":"https:\/\/carole-boucher-avocat.fr\/index.php?rest_route=\/wp\/v2\/pages\/188"}],"collection":[{"href":"https:\/\/carole-boucher-avocat.fr\/index.php?rest_route=\/wp\/v2\/pages"}],"about":[{"href":"https:\/\/carole-boucher-avocat.fr\/index.php?rest_route=\/wp\/v2\/types\/page"}],"author":[{"embeddable":true,"href":"https:\/\/carole-boucher-avocat.fr\/index.php?rest_route=\/wp\/v2\/users\/1"}],"replies":[{"embeddable":true,"href":"https:\/\/carole-boucher-avocat.fr\/index.php?rest_route=%2Fwp%2Fv2%2Fcomments&post=188"}],"version-history":[{"count":9,"href":"https:\/\/carole-boucher-avocat.fr\/index.php?rest_route=\/wp\/v2\/pages\/188\/revisions"}],"predecessor-version":[{"id":348,"href":"https:\/\/carole-boucher-avocat.fr\/index.php?rest_route=\/wp\/v2\/pages\/188\/revisions\/348"}],"wp:attachment":[{"href":"https:\/\/carole-boucher-avocat.fr\/index.php?rest_route=%2Fwp%2Fv2%2Fmedia&parent=188"}],"curies":[{"name":"wp","href":"https:\/\/api.w.org\/{rel}","templated":true}]}}